- 6. Determine p(q).
-10
Let k(n) = n**2 - 6*n + 5. Suppose -5*q + 27 = -3*y, 0*q + 4*y = -2*q + 16. Let x(d) = d**2 - 4*d + 8. Let l be x(q). Suppose 5*h - l = -0*h. Give k(h).
-3
Let g(x) = x + 2. Let n(k) be the third derivative of 0*k - 4*k**2 + 0 - 1/6*k**3. Let q(l) = 2*g(l) + 2*n(l). Determine q(2).
6
Let n(v) be the first derivative of -3*v**2/2 - 5*v + 72. Calculate n(-6).
13
Let s(t) = t**2 + 17*t + 22. Let y(v) = v**2 + 13*v + 21. Let f(d) = -5*s(d) + 6*y(d). Calculate f(7).
16
Let c(r) be the second derivative of r**5/60 - r**4/24 + r**3/3 - 9*r**2/2 - 23*r. Let m(z) be the first derivative of c(z). Calculate m(2).
4
Let r(x) = -7*x**2 - 17*x - 10. Let f(h) be the second derivative of h**4/12 + h**3/6 + 2*h. Let d(g) = -6*f(g) - r(g). Determine d(-10).
0
Let t(v) be the second derivative of -v**5/20 - 4*v**4/3 + 17*v**3/6 + 3*v**2/2 + 3*v + 132. What is t(-17)?
3
Let k(x) = -x + 24. Let s be k(17). Let p(y) = -2*y**2 + 7*y + 4. Give p(s).
-45
Let i(g) = 3*g - 36. Suppose -21*t + 3*t = -288. Calculate i(t).
12
Let t(i) = -30*i + 65*i - 3 - 36*i. What is t(0)?
-3
Let h = 39 - 35. Let u(c) be the third derivative of c**5/60 - 5*c**4/24 + c**3 + c**2. Let v be u(h). Let t(d) = d**3 - 3*d**2 + 2*d - 1. What is t(v)?
-1
Let w(c) = 2*c**2 - 5*c - 7*c**2 + 5 + 6*c**2 + 4*c. Calculate w(0).
5
Let f(l) be the third derivative of l**5/60 + l**4/24 + 8*l**3/3 - 8*l**2 + 6*l. Determine f(0).
16
Let s(v) = 17*v - 1. Let h(t) = -3*t**2 + 28*t + 19. Let z be h(10). Calculate s(z).
-18
Let v = 14 - 11. Let h(n) = -4*n**2 + 3 - n + n**v + 3*n - 6 + 0. Suppose 0 = b - 4. Give h(b).
5
Let l(v) be the third derivative of v**6/120 + v**5/12 - v**4/3 - 4*v**3/3 + 4*v**2 - 9. What is l(-6)?
4
Let k(x) = 13*x**3 - 4*x**2 + 2*x + 2. Let r(i) = 13*i**3 - 5*i**2 + 2*i + 3. Let t(o) = 4*k(o) - 3*r(o). Determine t(1).
13
Let f(m) = 13*m**3 - 4*m**2 + 3*m - 9*m - 1 - 12*m**3. Let z(s) = -s + 1. Let b be z(-4). Let l be f(b). Let t(c) = c**2 + 7*c - 8. What is t(l)?
-14
Let v(f) = f - 6. Let o = -459 + 455. Determine v(o).
-10
Let r be 3*(2/3)/1. Let g be (r*1)/(-1 - 1). Let b(z) = -11*z - 2. Let a(p) = -13*p**2 - 12*p - 2. Let q(k) = a(k) - b(k). Give q(g).
-12
Let k(x) = 2*x**3 + 2*x**2 - 2*x + 1. Let c(n) = -2*n**2 + 20*n - 1. Let u be c(9). Suppose -h = q + 7, -2*q - u = -h + 4*h. Determine k(h).
-29
Let g(z) = z - 15 + 22 - 9. Determine g(11).
9
Suppose -w + 8 = 6. Let c(v) = -5*v**3 + v**w + 2*v**3 + 6*v**3 + v. Calculate c(-1).
-3
Let s(y) = 39 + y - 35 - 35 - 3*y. Calculate s(-14).
-3
Let r = -3 + 5. Let j(v) = 6*v**2 + 3 + v - r*v**3 + 0*v + 3*v**3. Let u = -277 + 271. Determine j(u).
-3
Let q(x) = 7*x**3 - 6*x**2 + 5. Let b(v) = -6*v**3 + 5*v**2 - 5. Let f(m) = 6*b(m) + 5*q(m). Suppose 0 = 298*d - 275*d. What is f(d)?
-5
Let u(b) = -b**3 - b - 1. Let t(p) = p**3 - p - 1. Let w(g) = g**2 - 3*g - 1. Let c be w(3). Let q be t(c). Calculate u(q).
1
Let d(x) be the second derivative of -x**3/6 + 4*x**2 + 451*x. Determine d(6).
2
Let j(i) be the third derivative of i**5/15 - i**4/24 + i**3/6 - 347*i**2. What is j(1)?
4
Let s = -47 + 51. Let n be 11/2 + 2/(-4). Let a = n - s. Let d(z) = -5*z**2 - z + 1. Give d(a).
-5
Let l(d) = 14 - 3*d**3 + d**2 - 16 + 2*d**3. Determine l(0).
-2
Let m(u) = -9*u**2 - 10*u - 4. Let i(r) = 8*r**2 + 9*r + 4. Let x(j) = -6*i(j) - 5*m(j). Suppose -27*s = -58*s + 56*s + 75. Determine x(s).
-19
Let t(x) be the second derivative of -2*x**5 + x**3/6 + x**2/2 + 7*x - 2. Calculate t(-1).
40
Let s(m) = -m**3 - 4*m**2 + 8*m + 5. Let j be -8 + (10 - 21/(4 + -1)). Determine s(j).
-10
Suppose -1 = -t - 3. Let s(x) be the first derivative of -x**2 - 225. What is s(t)?
4
Let g = 2 - 1. Suppose -36 = -4*l + 4*d, 0 = -0*d + d + 2. Let a(p) = -p**3 + 4*p**3 - l*p**3 - 2*p**3 + p. What is a(g)?
-5
Suppose -5*p + 5*u + 35 = 0, p = 3*u + 2*u + 11. Let y(i) = 135 + i**2 - 62 - 2*i**2 - 68 + 6*i. Determine y(p).
5
Let h = -9 + 5. Let a(g) = 5 - 3 - 2*g**3 + 2*g**2 + 3*g + 5*g**3. Let x(q) = 7*q**3 + 3*q**2 + 7*q + 4. Let d(b) = 5*a(b) - 2*x(b). What is d(h)?
-2
Let d = -11 + 6. Let p(b) = 7*b - 29*b - 1 - 2 + 21*b + 2. Determine p(d).
4
Let s(b) be the third derivative of 5*b**4/12 - b**3/6 - 8*b**2 - 2*b. Determine s(3).
29
Let c(v) = -958 - 961 - 13*v**2 + 1917. Calculate c(-2).
-54
Let p(q) be the first derivative of -q**6/360 - q**5/20 - q**4/12 + 2*q**3 + 13. Let d(j) be the third derivative of p(j). Calculate d(-6).
-2
Let a(k) = -k**3 + 2*k**2 + 4. Let p be a(5). Let c = p + 119. Suppose 2*j = 2, 5*h = -2*j + c - 16. Let t(d) = d**3 - 5*d**2 - 7*d. Give t(h).
-6
Let o(s) be the first derivative of -s**4/24 - s**3 - s**2 + 2. Let y(j) be the second derivative of o(j). Let k = 1786 - 1790. Give y(k).
-2
Let j(d) = -d**2 - 12*d + 16. Let b be j(-12). Suppose 4*n - b = -4*m, 0 = -0*n - 2*n + 5*m - 6. Let o(c) = c**3 - c + 2. Determine o(n).
8
Suppose -124 = 27*b + 65. Let g(p) = p**2 + 5*p - 6. Calculate g(b).
8
Let g(j) = -j**2 + 4*j + 4. Let x be g(5). Let u(y) be the third derivative of 22*y**2 + 1/30*y**5 + 0*y + 0*y**4 - 1/6*y**3 + 1/10*y**6 + 0. What is u(x)?
-11
Suppose -5*g + 5*s = 0, -g - 3*s + 8 = -2*g. Suppose g = x + x. Let i(q) = q**2 - q**2 - x*q**2. What is i(1)?
-2
Let j(w) be the second derivative of w**4/12 + 4*w**3/3 + 3*w**2 - 411*w. Calculate j(-4).
-10
Suppose -2*l + 40 = l - 2*j, l + j = 20. Let a = l - 26. Let o = a - -15. Let h(x) = x**2 - 7*x + 5. Give h(o).
-5
Let s(j) = j**2 - 23*j + 59. Let c be s(3). Let h(l) = -3 - 4*l + 2 + 3*l - 17*l**2. What is h(c)?
-17
Let f(s) = s**2 - 7*s. Let c be f(8). Let r(z) = -3 + 0*z**2 - 6*z**2 - c*z + 5*z**2 + 0*z**2. Suppose 8*x + 58 = 10. What is r(x)?
9
Let y(h) be the first derivative of -h**5/20 - h**4/2 - 7*h**3/6 - 3*h**2/2 - 13*h + 29. Let t(i) be the first derivative of y(i). What is t(-5)?
7
Let q(l) = -2*l**2 + 2*l - 3. Let t(y) = y - 4. Let x(i) = -i + 4. Let m(g) = -6*t(g) - 7*x(g). Let j be m(8). Suppose 4 = 4*v - j. Give q(v).
-7
Let w = -7 + 4. Suppose -7*j = -6*j - 1. Let h(c) = c**3 + 1 - 4*c**3 + 2*c + 2*c**3 - 2*c**2 + j. Give h(w).
5
Let t be 0/(2 + -1 - 0). Let v be (-1)/2*(1 - (-9)/(-3)). Let u be v/(t + (-2)/4). Let n(c) = -c**2 - 3*c - 3. Give n(u).
-1
Suppose -4 = 4*r + 4. Let x(h) = h**3 + 4*h**2 + 4*h + 3. Determine x(r).
3
Let z(s) = 17*s - 33*s - s**2 + 22*s. Let a be z(6). Let t(x) = -x**2 + 4. Give t(a).
4
Let o(d) = -3*d + 2. Let g be (-22)/(-33)*3/(-2)*3. What is o(g)?
11
Let u(r) = -34*r**2 + 37*r**2 - 141*r - 3*r**3 + 2 + 2*r**3 + 146*r. Let s(d) = -d**2 - 5*d + 4. Let n be s(-5). Give u(n).
6
Let c be (-1)/((2/(-12))/(3/(-6))). Let u(i) = 4*i**2 + 8*i + 3. Let l(m) = 5*m**2 + 9*m + 4. Let y(q) = c*l(q) + 4*u(q). Give y(-5).
0
Let p(b) = b - 6. Let w(g) = 2*g**2 - 15*g - 27. Let z be w(9). Give p(z).
-6
Let y(k) = k. Let u(a) = -5*a + 7. Let m(l) = -u(l) - 6*y(l). Suppose -60 = -6*o + 2*o. Suppose 0*t + o = 3*t. Determine m(t).
-12
Let c = 33 - 30. Let t(d) = 0*d**2 - 3*d**2 + 16*d - 2 - 18*d + d**c + d**2. Give t(3).
1
Let d(y) = y**3 - 2*y**2 - 3*y + 2. Let n = 178 + -175. Give d(n).
2
Let z(c) be the first derivative of c**2 + 2*c + 1/3*c**3 - 1. Let v = 13638 - 13641. Determine z(v).
5
Let z(h) = -42*h**2 + 6*h + 15*h**2 + 17*h**2 + 5 + 9*h**2. What is z(8)?
-11
Let z(j) = 3*j**2 - 6*j + 11. Let d(y) = -y**2 + y + 2. Let f be d(0). Let h(t) = t + 0*t + 5 + t**2 - 4. Let w(u) = f*h(u) - z(u). What is w(7)?
-2
Let m(h) = -h**2 - h - 4. Let x(k) = -3*k - 144. Let j be x(-46). Determine m(j).
-34
Let l(v) = 3*v**2 + 2*v - 4. Suppose 202*s + 16 = 198*s. Calculate l(s).
36
Let v(n) = 11*n - 19. Suppose -l + 3 = -2*g, 5*g + 21 + 4 = -l. Let s(q) = 17*q - 29. Let y = -137 + 145. Let x(b) = l*s(b) + y*v(b). What is x(5)?
8
Suppose -2*w - 16 = -6*w. Let h(y) = 6*y**2 - 2*y**3 + w*y + 3*y**3 - 5*y + 2*y + 7. Determine h(-6).
1
Let o(w) = 2*w**2 + 4*w + 2. Let d(b) = -b**2 - 14*b - 42. Let y be d(-4). Calculate o(y).
2
Let n be 49/(-28) - (-2)/(-8). Let t be 3/(n/8*-3). Let g(x) = 5 - 1 - t*x + 5*x. Calculate g(-5).
-1
Let y(j) = -5*j**2 - 2*j - 1. Let m be (-4)/(-18) - (-100)/36. Let v be (m/4)/((-4)/(-16)). Let a = v + -4. What is y(a)?
-4
Let t(o) = -39*o. Let q(v) = 17*v - 1. Let n(k) = 9*q(k) + 4*t(k). Give n(-3).
0
Let l = 47 + -32. Suppose -2*a = 